e remainder when r(-6) is divided by (-2)/4 - (-185)/10?
16
Suppose -4*j + 2*u = 2, -2*j + 3*j + 3*u = 17. Let l be 48/22 + (-10)/55. Calculate the remainder when (-2 - -1 - -1) + l is divided by j.
0
Let y = 45 + -32. Let q = -132 - -15. Calculate the remainder when q/((-9)/3) + -1 is divided by y.
12
Calculate the remainder when 2/(-6) + 228/9 is divided by 7.
4
Suppose 0 = 2*y + 3*y - 30. Suppose 3*k + 3 = y. Suppose -3 + k = -w. What is the remainder when w is divided by 1?
0
Let c(v) = -v**3 - 3 - 4*v + 2*v - 2*v. Calculate the remainder when c(-4) is divided by 20.
17
Let z be (-6)/18 - 25/(-3). Let t = 1 + z. Calculate the remainder when 15 is divided by t.
6
Suppose 197 - 6 = 5*i - 2*o, 3*o = 5*i - 189. Let h = -20 + i. What is the remainder when h is divided by 11?
8
Let h(m) = 7*m**3 + m**2 - m. Let y = 3 + 0. Calculate the remainder when h(1) is divided by y.
1
Let b(p) = -8*p - 3. Let q be b(-2). Let w = 16 + q. Let s(o) = o**2 + 7*o - 8. What is the remainder when w is divided by s(-9)?
9
Let m(n) = 7*n**2 - 2*n - 5. What is the remainder when m(-3) is divided by 22?
20
Let u(i) = -i**2 + i + 1. Let s be u(0). Let w = -4 - -3. What is the remainder when 26 is divided by 1/(w/(-10)) - s?
8
Suppose 0*h = -3*h + 36. Suppose 3*x + 4*i - 2 = 6, 4*x = -4*i + h. What is the remainder when x is divided by 3?
1
Suppose 5*p = 0, x + 0*p + p + 67 = 0. Let r = -15 - x. Suppose r = 2*g + 14. What is the remainder when 37 is divided by g?
18
Suppose -4*n - p + 11 = 0, 6 = -5*n - 2*p + 19. Calculate the remainder when n is divided by 3.
0
Let r be (-4)/18 + (-65)/(-9). Let f = -1 + r. Calculate the remainder when f is divided by 4.
2
Suppose -8*l + 3*l + 175 = 0. Calculate the remainder when 103 is divided by l.
33
Let n(c) = c. Let g be n(2). Suppose h + g*v - 38 = 0, -5*h + v + 190 = -v. Let f(i) = i + 13. What is the remainder when h is divided by f(0)?
12
Suppose -11 - 164 = -p. Calculate the remainder when p is divided by 16.
15
Suppose -2*n = -4*f + 3*n + 57, 2*n = -2*f + 6. Let a(d) = -4*d**2 + 27*d - 32. Calculate the remainder when f is divided by a(5).
2
Suppose -5*v + 76 = -4*d, 0*d + 3*d = 2*v - 29. Suppose -2*l = -l - 60. Calculate the remainder when l is divided by v.
12
Let o(y) = -y + 1. Suppose -4*d - 2*f - 16 = 0, -d - 3*d + 4*f = 28. Let k = -8 - d. Calculate the remainder when 6 is divided by o(k).
2
Let m(p) = -12*p + 15*p + 2 + 0 - 2*p**2 - p**3. Let q be m(-3). Suppose q*c - 7*c + 65 = 0. Calculate the remainder when 36 is divided by c.
10
Calculate the remainder when 1*(-3)/(6/(-20)) is divided by (-8)/20 + (-22)/(-5).
2
Let r be 9 - (0/(-3) - 0). Suppose -4*h - 1 = -r. Suppose -24 = -h*w + 8. What is the remainder when 47 is divided by w?
15
Suppose -9 + 2 = -2*q - 3*t, -t + 17 = 2*q. Let h(i) = -2*i - 2. Let l be h(-7). Suppose 0*d - l = -3*d. What is the remainder when q is divided by d?
3
Let r = 119 - 79. What is the remainder when 118 is divided by r?
38
Let z(s) = 2*s**2 + 6*s + 1. Calculate the remainder when z(3) is divided by 19.
18
Suppose 5*k - 25 = -10. Suppose d = 5 - k. What is the remainder when 7 is divided by d?
1
Let g be -17 + (2 + -2 - 3). Let a = 36 + g. What is the remainder when a*((-25)/2)/(-5) is divided by 14?
12
Let k(f) = -2*f. Let w = -6 - -8. Let m(g) = -g**3 - g**2 + 2*g + 1. Let q be m(w). What is the remainder when 27 is divided by k(q)?
13
Let b = 19 + 15. Let v be 56/12 - (-2)/6. Suppose -72 = -4*k - 0*k + 4*s, 0 = 2*k + v*s - 36. Calculate the remainder when b is divided by k.
16
Let g(r) = 2*r + 5. Let m be g(8). Suppose 0 = 5*p - m - 19. What is the remainder when 22 is divided by p?
6
Let q(o) = -7*o**3 - o**2 - o. Calculate the remainder when 50/(-3)*(-30)/25 is divided by q(-1).
6
Let k(u) = 2*u**2 + 20*u - 4. What is the remainder when k(-12) is divided by 24?
20
Let h = 11 - -4. Let z = 2 + 7. Calculate the remainder when h is divided by z.
6
Suppose 0 = -5*a + a + 156. Calculate the remainder when a is divided by 21.
18
Suppose i + 36 = 5*i. Let t(l) be the first derivative of l**4/4 - 10*l**3/3 + 9*l**2/2 + 11*l - 1. What is the remainder when 32 is divided by t(i)?
10
Suppose 11 - 2 = 3*u. Suppose u*g + y + 2*y - 30 = 0, -y = 2*g - 25. What is the remainder when 44 is divided by g?
14
Suppose 18 + 32 = 5*p. Suppose 7*f = -x + 4*f + 20, 5*x + f = 86. What is the remainder when x is divided by p?
7
Suppose -155*p + 158*p = 96. What is the remainder when p is divided by 13?
6
Let m(u) = -u**3 - 11*u**2 - 2*u + 15. Calculate the remainder when m(-11) is divided by 10.
7
Suppose -6 = -2*a - 0. Suppose -a*h + 3 = 2*s + 12, 2*s = -4*h - 10. Let u = s - -10. Calculate the remainder when u is divided by 2.
1
Suppose 6 = 3*a + 3*b, 3*a - 8 = 4*a + 3*b. What is the remainder when a is divided by 3?
1
Suppose -3*j + 2*j = -5. Suppose -4*t = -49 + j. Calculate the remainder when 31 is divided by t.
9
Suppose 0*w - 8 = -4*w. Suppose 8 = 20*d - 16*d. Suppose d*i = f, -f - 2*f - 2*i = -8. Calculate the remainder when w is divided by f.
0
Suppose -41 = -3*d - 8. Calculate the remainder when 43 is divided by d.
10
Let l = -6 - -22. Suppose 0*f + f + 4 = 0. Let u = l - f. What is the remainder when 59 is divided by u?
19
Suppose 0 = 4*b + 3*b - 140. Calculate the remainder when 79 is divided by b.
19
Suppose -5*q + 32 = -3*c, 2*q - 3*c + 0 = 11. Suppose -9*g = -q*g - 8. Calculate the remainder when 15 is divided by g.
3
Suppose -84 = h - 2*h. Let d = h - 52. Calculate the remainder when d is divided by 11.
10
Let l(t) = -t + 3. What is the remainder when l(-8) is divided by 7?
4
Let d(k) = -25*k - 1. Let s = -1 - -2. Let b be d(s). Let c = 22 - b. What is the remainder when c is divided by 17?
14
Suppose -4*o + p - 11 = -2, 0 = o - 5*p + 26. Let d be o - -83 - (-1 + 0). Suppose -d = -5*x - 13. Calculate the remainder when 41 is divided by x.
13
Let o(k) = -8*k - 4. What is the remainder when 53 is divided by o(-4)?
25
Suppose 3*v + 318 = -w + 5*w, -68 = -w - 5*v. Calculate the remainder when w is divided by 28.
22
Suppose 37 = l - 19. Calculate the remainder when l is divided by 19.
18
Suppose 0*n = 4*n - 44. What is the remainder when 43 is divided by n?
10
Let d(y) = y**3 - 7*y**2 + 6*y. Let g be d(6). Let k = 13 + g. Calculate the remainder when 38 is divided by k.
12
Let h(u) = 3*u - 7. Let w be (1/(-2))/(2/(-20)). Suppose w*x = 10 + 100. What is the remainder when x is divided by h(5)?
6
Suppose 8*r - 2*v = 5*r + 87, r - v = 29. Calculate the remainder when 75 is divided by r.
17
Let v(w) = -3*w + 4. What is the remainder when 29 is divided by v(-4)?
13
Let v(g) = -g**2 + 43. Let l(y) = -y**3 + 3*y + 4. What is the remainder when v(0) is divided by l(-3)?
21
Suppose 8*u + 100 = 18*u. Calculate the remainder when 39 is divided by u.
9
Let d be 2 + 2 + -2 + -3. Suppose 5*x + v - 9 = 2, 2*v - 1 = -3*x. Let a = d + x. What is the remainder when a is divided by 2?
0
Let c(f) = -3*f + 1. Calculate the remainder when c(-3) is divided by ((-12)/10)/(27/(-90)).
2
Suppose 2*u = 24 - 10. Let a(y) = 6*y**2 + 2*y - 2. Calculate the remainder when a(-2) is divided by u.
4
Let z = -114 - -123. What is the remainder when 11 is divided by z?
2
Suppose 2*v = u - 7 - 4, 0 = -5*u + 3*v + 83. Suppose -5*f = i + 2*i - 47, 1 = 3*f - 5*i. Calculate the remainder when u is divided by f.
5
Suppose -3*q - 7*q = -550. Calculate the remainder when q is divided by 14.
13
Suppose -5*z + 6 = -5*c + 16, 0 = z. Let x be (-17)/(-1) + (1 - c). Let p = -3 + x. Calculate the remainder when p is divided by 7.
6
Suppose 6*b + p = 4*b + 32, 17 = b + p. Suppose -5*g - 2*j = -0*g - 46, -5*g = -j - 37. What is the remainder when b is divided by g?
7
Let y(g) = 21*g**2 - g + 2. What is the remainder when 128 is divided by y(1)?
18
Suppose -3*k - 2*h + 6 = 2*h, 4*k = -5*h + 9. Suppose -k*g + 255 = -g. Calculate the remainder when g is divided by 18.
15
Let m(t) = -t**3 - 4*t**2 + 4*t. What is the remainder when 14 is divided by m(-5)?
4
Suppose -24 - 158 = -13*a. What is the remainder when 68 is divided by a?
12
Suppose 11 = -i - 5*x - 9, 12 = 3*i - 3*x. Suppose i*g + 5*g - 50 = 0. Let m = -11 + 15. Calculate the remainder when g is divided by m.
2
Let v(t) = -12*t. Let r(m) = m**3 + m**2 + 2. Let b be r(-2). Let s = 11 - -2. Cal